6. What is the highest common divisor of 11 and q?
11
Let n be 75 + 24/6 + -23. Suppose -2*m - 102 = -2*k - 368, -397 = -3*m + k. Let q = m - -8. Calculate the greatest common factor of q and n.
28
Let z(g) = -8*g - 100. Let m be z(-16). What is the highest common factor of m and 364?
28
Let z(q) = -14*q**2 - 9*q**3 + 8*q**2 - 2 + 6*q**2. Let g be z(-2). Calculate the greatest common divisor of 10 and g.
10
Let j(v) = 7*v**2 - 5*v - 5. Let h be j(-4). Let w = h + -71. Calculate the highest common divisor of 7 and w.
7
Let m be (2 - -1)*(-1)/3. Let h be (7/(-3) - m)/(6/(-27)). Calculate the greatest common factor of h and 6.
6
Suppose 0*k = 4*k - 520. Suppose -5*l + k = 5. Let a(p) = 13*p - 55. Let i be a(5). What is the highest common divisor of i and l?
5
Let c(r) = 12 - 2 - 3 - 6 - 4*r. Let k be c(-2). Let i(f) = 2*f**3 - 3*f**2 + 2. Let g be i(2). Calculate the highest common factor of g and k.
3
Let r = 0 - -19. Let f = 12560 - 12408. Calculate the greatest common factor of r and f.
19
Suppose -6*a = -5897 - 2101. Calculate the highest common factor of 62 and a.
31
Let b = 212 - -88. Suppose -b = a - 7*a. Calculate the greatest common factor of 20 and a.
10
Suppose 0 = i - 0*i. Let b = 18 + -11. Let h = i + b. Calculate the highest common divisor of 7 and h.
7
Suppose -19 = -g - 13. Let o be (10 - 3) + g + -8. Suppose 0 = -o*i - j + 48, -2*j - 34 = 2*i - 5*i. Calculate the greatest common divisor of i and 25.
5
Let p be 2/(-1*5/(-10)). Suppose -7 = -h - p*z + 8, -3*h + 11 = -5*z. Calculate the highest common divisor of 7 and h.
7
Let r be 5 + (4 - -3 - 8). Suppose 4*f + 3*y - 271 = 0, 311 = 5*f + 5*y - 34. What is the highest common factor of r and f?
4
Let k be (-14)/(-21)*3/(-2) - -2. Let a = 2 + 2. What is the greatest common divisor of k and a?
1
Suppose 0 = -7*w + 1020 - 747. What is the greatest common divisor of w and 429?
39
Suppose -5*q + 4*n + 2216 = 715, -q = -3*n - 309. Suppose -263 - q = -14*l. What is the greatest common factor of l and 10?
10
Suppose 5*c + 51 = 6*c - 2*j, j = 4*c - 197. What is the highest common factor of 931 and c?
49
Suppose -2*a + a - 2*f + 29 = 0, 0 = 3*a - 5*f - 43. Let o be (a - 1) + (6 - 2). What is the highest common factor of 32 and o?
8
Let o be ((-92)/8 - -12)*1*24. Calculate the highest common divisor of 120 and o.
12
Let j(i) = -i**3 - 33*i**2 - 3*i - 29. Let w be j(-33). What is the highest common divisor of 2 and w?
2
Let u(f) = f**3 - 9*f**2 + 11*f - 46. Let g be u(9). Calculate the highest common factor of g and 424.
53
Suppose 0 = 56*v - 139 - 1541. Let a = 112 + -27. Let m = 35 + a. Calculate the greatest common divisor of m and v.
30
Suppose 3*q + 2*i = q + 234, 3*i = -4*q + 466. What is the highest common divisor of 161 and q?
23
Let c be (-2 - -16)*(-1)/(-2). Suppose 3*r = 4*r - c. Let q be 8/4 - 15*-5. What is the greatest common factor of r and q?
7
Let m be 325/35 - (-4)/(-14). Suppose -m = 8*i - 11*i. Suppose i = 16*f - 13*f. What is the highest common divisor of f and 1?
1
Let p(o) = -o**2 + 10*o - 17. Let t be p(5). Let m be (5/(-4))/((-1)/t). Calculate the highest common factor of 70 and m.
10
Suppose 5*y + 32 = 257. Suppose -325 = 5*x - y. Let v = x - -116. Calculate the highest common divisor of v and 24.
12
Let z(w) = 4*w**2 + 9*w - 2. Let f be z(2). Calculate the highest common divisor of f and 12.
4
Suppose -4*r + 3 = -17. Let y be 13/r + 4/10. Suppose y*h = h + 36. What is the highest common factor of 126 and h?
18
Suppose 4*o + 3*v = 2*v - 61, -o - 2*v - 24 = 0. Let g be (6/(-5))/(o/35). Suppose 2*u = g*u - 44. What is the highest common factor of 110 and u?
22
Suppose -3*y = -3*y + y. Let k be (2 + y - -9) + -1. Calculate the greatest common factor of 120 and k.
10
Let c(x) = -2*x + 4. Let z be c(2). Suppose z = -o + 2 + 1. Suppose 5*w - 15 = -5*v, -o*w - 5 = v - 0*w. Calculate the greatest common divisor of 1 and v.
1
Let p be (-3766)/(-63) + 87/27 + -3. Calculate the highest common factor of p and 390.
30
Let o be 10/35 + 159/7. Let l be -2 + 7/3 - o/(-3). Calculate the highest common divisor of l and 64.
8
Suppose -f = 4*f - 195. Let v = f - 24. Calculate the highest common factor of 3 and v.
3
Let w(f) = 2*f - 10. Let m be w(7). Suppose -m*r + 8 = -8. Let d be r/(-4 - -2)*-2. Calculate the greatest common factor of 4 and d.
4
Suppose 10*n - 12 = -2*n. Calculate the highest common factor of n and 30.
1
Suppose 4*p - 937 = 155. What is the greatest common divisor of 42 and p?
21
Suppose 8*u - 140 = 3*u. Let c = -197 + 309. Calculate the greatest common factor of u and c.
28
Suppose -5*i + 9*i - 1232 = 0. Suppose -4*z + 4*b = 27 - 143, 31 = z - 3*b. Calculate the highest common factor of z and i.
28
Let i be 3 + (-1 + -6)*(-27 + 25). Calculate the greatest common divisor of i and 697.
17
Suppose -5*y + 9 = -1, -5*n + 298 = -y. What is the highest common divisor of n and 130?
10
Let v = -8 - -52. What is the greatest common divisor of v and 286?
22
Let p be 9834/(-495) - (-4)/(-30). Let b(a) = 4*a**2 - a - 3. Let d be b(-3). Let f = p + d. What is the highest common factor of 80 and f?
16
Suppose 2*c - 102 = 28. Let h = -42 + 38. Let u be h + 32 - (-4)/(-2). What is the greatest common divisor of c and u?
13
Suppose -72*a + 19*a + 1431 = 0. What is the greatest common factor of 117 and a?
9
Let w be (-142)/(-3) + 22/33. Let o(a) = -a**2 - 17*a - 18. Let l be o(-15). Calculate the highest common factor of w and l.
12
Suppose m + 3*c - 5 = 0, 5*m + c - 5*c = 6. Suppose -k - 3*l = -16, 29 = m*k - 5*l + 8. Calculate the highest common factor of 13 and k.
13
Let v(k) = -3*k + 2*k**2 - 4 + 2 - k**2. Let w be v(-3). Let y be -6 + -1*(-7 - 15). Calculate the highest common factor of y and w.
16
Let d(p) = p**3 + p**2 + 3*p**2 + 3 - p - 2*p**2 - 4*p**2. Let b be d(5). Let u = b + 39. Calculate the greatest common divisor of u and 14.
14
Suppose -4*b + 5*o + 1383 = 0, b - o + 709 = 3*b. Calculate the highest common divisor of 33 and b.
11
Let p(u) = u**3 - u**2 - 2*u - 5. Let f be p(3). Suppose -f*q - 35 + 217 = 0. What is the highest common divisor of q and 52?
26
Let i(b) = b**3 - 34*b**2 - 83*b + 84. Let g be i(37). What is the greatest common factor of g and 70?
70
Let r be 3588/14 - (-10)/(-35). Suppose 4*j + 5*i = -6 - 10, 8 = -2*j - i. Let u be 2/4 - 126/j. Calculate the highest common factor of u and r.
32
Suppose -2*u + 10 = 5*z, 2*u - u + 3*z - 5 = 0. Calculate the highest common factor of 1425 and u.
5
Let l(c) = -c**3 - 4*c**2 + 5*c + 12. Let i be l(-5). Suppose -5*q = n - 0*n - 15, 2*n + 4*q - 48 = 0. Calculate the greatest common divisor of i and n.
6
Let o = 113 - 80. Let t be (o - 1)/(-2)*-4. Calculate the greatest common divisor of 96 and t.
32
Let i = 29 - 17. Let z = -381 + 501. What is the highest common divisor of i and z?
12
Suppose 0*i = -4*i + 36. Calculate the greatest common divisor of i and 225.
9
Let v(r) = 40*r - 4. Let i be v(3). Suppose 3*u + 44 = i. Let s = 1835 - 1643. Calculate the greatest common factor of u and s.
24
Let s(p) = p**2 + 2*p - 14. Let d be s(14). Let w = -82 + d. Calculate the highest common factor of 16 and w.
16
Let f = -3 + -1. Let r be f + 2 - -14 - (-6 - -8). Calculate the greatest common factor of r and 5.
5
Let w = -571 - -658. What is the highest common divisor of w and 406?
29
Let o be 2/18 - 2444/(-117). Calculate the greatest common factor of o and 231.
21
Let n = 62 + 2. Suppose -3*z - 2*r + 101 = -3*r, -2*z + 4*r + n = 0. What is the highest common divisor of z and 17?
17
Let s(w) = w**2 + 5*w - 17. Let r be s(-7). Let i be r/((-38)/13 + 3). Let f = -25 - i. Calculate the greatest common factor of f and 70.
14
Suppose -425*l = -416*l - 171. Calculate the greatest common factor of l and 513.
19
Suppose -15*h + 21*h = 3408. Calculate the highest common factor of h and 8.
8
Let l be (0 - -406)*170/119. What is the greatest common divisor of 232 and l?
116
Suppose -5*i + 5*j = -3*i, i + j = 0. Suppose -5*f = 4*a - 58, 2*a - 4 + i = 0. What is the greatest common factor of 40 and f?
10
Let z be (-2)/(-13) + 10 + (-59976)/(-39). What is the highest common factor of z and 36?
36
Let j be (-3 + -1 - 0)/(-1). Let c be (5 - 9)*(-6)/j. Suppose 2*p = -b + 9, 3*b = -3*p - 13 + 40. Calculate the greatest common divisor of b and